j) - 3*w(j). What is the units digit of z(9)?
0
Let v be (7*1/(-1))/(-1). Let f be v/((-14)/(-12)) - 0. Suppose -i = -f*i + 30. What is the units digit of i?
6
What is the hundreds digit of 14625/52 + (1 - (-10)/(-8))?
2
Suppose -5*x + r = -869, -4*r = -2*x + 374 - 30. What is the units digit of x?
4
Suppose 5*t - 4 = c, -3*c - 44 = 2*c - t. Let m = c + 8. What is the units digit of 3*(2 - m)/3?
3
Suppose 2*q = 1 + 3. Suppose 3*k - 2*a = 8 + 19, q*k + 1 = -5*a. Let j = k + -5. What is the units digit of j?
2
Suppose -21 + 55 = 2*g. Suppose 22*j = g*j + 20. What is the units digit of j?
4
Suppose g - 19 = -4. Let h = g + -9. Suppose 5*b - 14 - h = 0. What is the units digit of b?
4
Let m(h) be the second derivative of -h**4/12 + 3*h**2/2 + 4*h. Let k be m(0). Suppose -k*f - j = 2*j - 51, -3*j = -12. What is the units digit of f?
3
Suppose -10*j = -7*j - 15. What is the units digit of j?
5
Suppose -5*i - 3*j = -2*j - 25, 3*i = -2*j + 8. Let y = 15 - i. What is the units digit of y?
9
Let q(u) = u**3 - 9*u**2 + 10*u - 12. Let t be (4/(-6))/(1/(-3)). Let k be t/(-8) + 66/8. What is the units digit of q(k)?
4
Let p(s) = s + 8. Let u be p(-8). Suppose u = -3*t + 2*c + 76 + 6, -t - 3*c + 20 = 0. What is the units digit of t?
6
Let d be (-7 + -189)*6/4. Let o be (3/6)/(3/d). Let w = -33 - o. What is the units digit of w?
6
Let n(o) = 7*o - 12. Let y(f) = f - 1. Let w(u) = n(u) - 6*y(u). Let a be w(0). What is the units digit of (a/1)/(-2)*1?
3
Let g = 111 - 52. Suppose -3*a = 5*o - 49, -3*o + g = -3*a + 20. What is the units digit of o?
1
Suppose f + 3 - 5 = 0. Suppose -2*k = f*k. Suppose -c + 1 + 6 = k. What is the units digit of c?
7
Suppose 7*y - 11*y = -40. Let v = y + 0. What is the tens digit of v?
1
Let j = -38 + 62. What is the units digit of j?
4
Let d = 7 - 3. Suppose 2*g - d*g = k - 3, -40 = -5*g + 4*k. What is the units digit of g?
4
Suppose -6*q + 66 = -3*q. What is the tens digit of q?
2
Suppose -3*r - 4*f = 10, -4*r + f = 8 - 1. Let o be r/(-3) + 4/12. What is the units digit of (-1 - -1) + 2 - o?
1
What is the hundreds digit of (218 + 0)*(2 + -4)/(-4)?
1
Let s = -199 - -49. Suppose -5*c = -3*t + 51, 5*c + 0*t - 5*t + 55 = 0. What is the tens digit of s/c + (-2)/3?
1
Let i = -269 - -406. What is the hundreds digit of i?
1
Suppose -4*w + 10 = 2. Let m = w - 0. Suppose -9 = -m*r + r. What is the units digit of r?
9
Suppose -a - 3*x = -0*x - 93, -206 = -2*a - 2*x. What is the units digit of a?
8
Let l(k) = -36*k - 13. What is the units digit of l(-5)?
7
Suppose -1 - 3 = -4*q. What is the tens digit of (31 - 17)*q*4?
5
Let d(o) = o**3 + 5*o**2 - 8*o - 7. Let t be d(-6). Suppose 0*c + 40 = t*c. What is the units digit of c?
8
Let l(x) = -x**2 + 23*x + 35. What is the tens digit of l(15)?
5
Suppose 2*c - 6 = 0, 0*c + 6 = 3*t - 5*c. Let n = t - 26. Let f = n + 28. What is the units digit of f?
9
Suppose 4*z + 4*s + s = 5, -z + 2*s - 2 = 0. Suppose -2*o + 14 = 4*a - z*a, 2 = -2*a - 4*o. What is the units digit of a?
5
What is the tens digit of 1660/120 - 2/(-12)?
1
Let q = 12 + -7. Suppose -18 = 2*h - q*h + b, 0 = 3*h + b - 24. What is the units digit of h?
7
Suppose -4*j + 2*j + 314 = 0. Suppose -4*m + 39 = -j. Suppose 5*h - m = 41. What is the units digit of h?
8
Let v be 5 - (0 - 2 - -3). Suppose -27 = -2*m - v*k - 11, 0 = 2*m - k - 1. What is the units digit of m?
2
Suppose -2*c - 3*t = -19, -3*c - 4*t - 3 = -6*c. Suppose -2 = -c*p + 8. What is the units digit of p?
2
Let c = 4 - 6. What is the tens digit of c/(-7) + 178/14?
1
Let l be 16 + -2 - (3 - 1). Suppose g - 5 = -v - 4*v, 35 = 5*v - 5*g. Suppose n + v*n = l. What is the units digit of n?
4
Let v = 368 + -134. What is the tens digit of v?
3
Suppose -q + 2*q = 214. What is the tens digit of q?
1
Let v = 249 - 15. What is the tens digit of v?
3
Let z(h) be the second derivative of h**3/6 + 9*h**2/2 + 2*h. Let d be z(-7). What is the units digit of d/3*(-12)/(-4)?
2
Suppose -1 = -3*o + 4*m - 2*m, -2*o - 5*m + 26 = 0. Suppose o*b = -5*g + 119, b - g - 13 - 16 = 0. What is the units digit of b?
3
Let u = -8 + 57. Suppose -10 = -5*x - 0*x, -5*v = -3*x - u. What is the tens digit of v?
1
Suppose -60*o = -58*o - 276. What is the tens digit of o?
3
Let o(l) = 2*l**2 - 1. Let a(s) = -s**2 - s + 2. Let v be a(-2). Suppose -w + 4*q + 10 = v, 0 = -5*w + 6*q - 4*q - 4. What is the units digit of o(w)?
7
Suppose s - 18 = -4*j, -2*j + 4 = -s - 2. Let d = 8 - j. What is the units digit of d?
4
Let j(g) = -5*g + 17. Let l be j(14). Let m = l + 89. What is the units digit of m?
6
Let n(l) = 6*l - l - 4 - 2*l. What is the units digit of n(6)?
4
Let n = -2 + 2. Suppose n = -5*q + 5 + 5. Suppose q*a - 20 = -2*a. What is the units digit of a?
5
Suppose -2*x = 2*t, x + 15 = -x - 5*t. Let p be (-4 + -1)*(-3)/x. Suppose -7 = -2*c + m, p*c + m = c + 13. What is the units digit of c?
5
Let i = 15 - 19. Let w be (13 - -3)*2/4. What is the units digit of i/w - (-5)/2?
2
Suppose 0*t - 5*i = 3*t - 288, -3*t - 3*i + 294 = 0. What is the hundreds digit of t?
1
Let o = 3 - -2. Suppose p + 4 = o*d, -2*p - d + 4*d - 1 = 0. What is the units digit of p?
1
Suppose -5*g = 2*d - 2*g - 58, -3*d + g = -109. Suppose -3*n = -3*x - 2*x + d, 3*n = 2*x - 23. What is the units digit of x?
4
Suppose -4*n + 2*f = 18, -3*n - 1 = -2*n + 3*f. Let t(x) = x**3 + 5*x**2 + 4*x + 2. What is the units digit of t(n)?
2
Let p = -1 + -11. What is the units digit of (p/10)/(2/(-10))?
6
Let n = -207 + 333. What is the units digit of n?
6
Suppose 759 + 246 = 5*j. What is the tens digit of j/15 + (-4)/10?
1
Let v be 1/1 - (-166 - 1). What is the units digit of (v/8)/((-6)/(-8))?
8
Let y be 2/9 + (-6)/27. Let g = y + 3. Suppose g*i - 1 = 5. What is the units digit of i?
2
Let y = -6 + 11. Suppose -4*h - 4*q - 14 = 18, y*q = 15. What is the units digit of (h - -5)*(-8)/6?
8
Let m = -53 - -79. What is the tens digit of m?
2
Let u = -36 + 52. What is the units digit of u?
6
Suppose -2*h - n = -25, -54 + 9 = -3*h - 4*n. What is the units digit of h?
1
Let m(t) = t**3 + 6*t**2 + 3*t + 5. Let w be m(-5). Suppose w = -s + 4*s. Suppose 4*c = 3*p + s, 9*c - 4*c = p + 20. What is the units digit of p?
5
Let d(j) = j**3 - j**2 + 3*j - 9. What is the hundreds digit of d(5)?
1
Let k = 5 + -9. Let z(g) = -g**3 - 3*g**2 + 5*g + 3. Let d be z(k). Let a = 4 - d. What is the units digit of a?
5
Suppose 5*f + 53 = 283. What is the units digit of f?
6
Let i = 33 - 9. Let z = 41 - i. What is the units digit of z?
7
Let q(u) = 2*u**2. Let l = -1 + 2. Let s be q(l). What is the units digit of (1*s)/(6/24)?
8
Suppose 2*y - y - 10 = 0. Let c(t) = -t**3 + 11*t**2 - 9*t + 2. What is the units digit of c(y)?
2
Let c(w) be the second derivative of w**4/12 - w**3/2 + 2*w**2 + 4*w. What is the tens digit of c(6)?
2
Let a(c) = 2*c - 8. Let n(o) = o - 9. Let w(z) = 4*a(z) - 3*n(z). What is the tens digit of w(5)?
2
Let n(h) = h**3 + 6*h**2 + 2*h + 2. Suppose 15 + 0 = -3*p. Let y be n(p). Suppose 11 = l - i, 6*l - 3*l + i = y. What is the units digit of l?
7
Let y = 22 + 6. What is the tens digit of y?
2
Let i(c) = -8*c**2 + 5*c + 14. Let f(b) = -7*b**2 + 5*b + 13. Let h(a) = -6*f(a) + 5*i(a). Let j be h(7). Suppose -2*y + j = 3*y. What is the tens digit of y?
1
Let c be ((-4)/14)/(-1)*7. Suppose -c*w - 10 = 3*w. Let j = 12 + w. What is the units digit of j?
0
Suppose -2*f + 12 = 2. Suppose f*d = 240 + 30. Suppose -5*k + d = -11. What is the tens digit of k?
1
Let q be (-5 + 3)*(-9)/6. Suppose 2*j + q*j - 225 = 0. Suppose 4*d - j = -13. What is the units digit of d?
8
Let y = 5 - 2. Suppose -z + 11 = 4*u, 0*z = -2*u + z + 1. Suppose y = -v + u*v. What is the units digit of v?
3
Suppose 2*y + t = 70, t = 2*y - 0*t - 62. What is the units digit of y?
3
Suppose 0*u = -5*u + 70. Suppose 0 = 4*k + 2 - u. What is the units digit of k*((-64)/6)/(-4)?
8
Suppose -2*q + 22 = 2. What is the units digit of q?
0
Let c(w) = -17*w - 15. What is the tens digit of c(-10)?
5
Suppose i = -i. What is the units digit of i/(-3) - 0 - -3?
3
Let u be (-1)/(-3) + 55/15. Suppose 0 = -u*x + 2*x + 60. What is the units digit of x?
0
Let t(n) = 2*n**2 - 68*n - 54. What is the hundreds digit of t(37)?
1
Let y(h) = 6*h. What is the units digit of y(4)?
4
Let g(l) = -l**2 + 2*l + 4. Let h be g(3). What is the 